{"id":830,"date":"2019-07-14T17:31:12","date_gmt":"2019-07-14T20:31:12","guid":{"rendered":"http:\/\/miraserra.org.br\/?page_id=830"},"modified":"2024-09-01T22:21:30","modified_gmt":"2024-09-02T01:21:30","slug":"parceiros","status":"publish","type":"page","link":"https:\/\/miraserra.org.br\/index.php\/parceiros\/","title":{"rendered":"Parceiros"},"content":{"rendered":"\n<figure class=\"wp-block-image aligncenter is-resized\"><img loading=\"lazy\" decoding=\"async\" width=\"583\" height=\"410\" src=\"http:\/\/miraserra.org.br\/wp-content\/uploads\/2019\/07\/image.png\" alt=\"\" class=\"wp-image-1866\" style=\"width:292px;height:205px\" srcset=\"https:\/\/miraserra.org.br\/wp-content\/uploads\/2019\/07\/image.png 583w, https:\/\/miraserra.org.br\/wp-content\/uploads\/2019\/07\/image-300x211.png 300w, https:\/\/miraserra.org.br\/wp-content\/uploads\/2019\/07\/image-130x90.png 130w\" sizes=\"auto, (max-width: 583px) 100vw, 583px\" \/><figcaption class=\"wp-element-caption\"><a href=\"http:\/\/miraserra.org.br\/index.php\/2015\/03\/22\/plano-de-manejo-da-rppn-mira-serra-e-aprovado-pelo-icmbio\/\" target=\"_blank\" rel=\"noreferrer noopener\">Plano de Manejo da Mira-Serra \u00e9 aprovado pelo ICMBio<\/a><\/figcaption><\/figure>\n\n\n\n<figure class=\"wp-block-image aligncenter is-resized\"><img loading=\"lazy\" decoding=\"async\" width=\"400\" height=\"266\" src=\"http:\/\/miraserra.org.br\/wp-content\/uploads\/2019\/07\/logo_rbma.jpg\" alt=\"\" class=\"wp-image-1860\" style=\"width:300px;height:200px\" srcset=\"https:\/\/miraserra.org.br\/wp-content\/uploads\/2019\/07\/logo_rbma.jpg 400w, https:\/\/miraserra.org.br\/wp-content\/uploads\/2019\/07\/logo_rbma-300x200.jpg 300w\" sizes=\"auto, (max-width: 400px) 100vw, 400px\" \/><figcaption class=\"wp-element-caption\"><a href=\"http:\/\/miraserra.org.br\/index.php\/2015\/03\/20\/a-paradise-for-holiday\/\">http:\/\/miraserra.org.br\/index.php\/2015\/03\/20\/a-paradise-for-holiday\/<\/a><\/figcaption><\/figure>\n\n\n\n<figure class=\"wp-block-image aligncenter size-full is-resized\"><img loading=\"lazy\" decoding=\"async\" width=\"317\" height=\"211\" src=\"http:\/\/miraserra.org.br\/wp-content\/uploads\/2024\/09\/Banner_site-1.jpg\" alt=\"\" class=\"wp-image-4380\" style=\"width:350px;height:auto\" srcset=\"https:\/\/miraserra.org.br\/wp-content\/uploads\/2024\/09\/Banner_site-1.jpg 317w, https:\/\/miraserra.org.br\/wp-content\/uploads\/2024\/09\/Banner_site-1-300x200.jpg 300w\" sizes=\"auto, (max-width: 317px) 100vw, 317px\" \/><\/figure>\n\n\n\n<figure class=\"wp-block-image aligncenter is-resized\"><img loading=\"lazy\" decoding=\"async\" width=\"213\" height=\"80\" src=\"http:\/\/miraserra.org.br\/wp-content\/uploads\/2019\/10\/logo_151761197397637.png\" alt=\"\" class=\"wp-image-2132\"\/><figcaption class=\"wp-element-caption\"><a href=\"http:\/\/www.sitiodobem.com.br\/lojas-de-marcas\/instituto-mira-serra\">http:\/\/www.sitiodobem.com.br\/lojas-de-marcas\/instituto-mira-serra<\/a><br><\/figcaption><\/figure>\n\n\n\n<p class=\"has-cyan-bluish-gray-background-color has-background\"><strong>Planos Municipais de Conserva\u00e7\u00e3o e Recupera\u00e7\u00e3o da Mata  Atl\u00e2ntica (RS, SC, PR e MS):<\/strong><\/p>\n\n\n\n<figure class=\"wp-block-image is-resized\"><img loading=\"lazy\" decoding=\"async\" width=\"300\" height=\"188\" src=\"http:\/\/miraserra.org.br\/wp-content\/uploads\/2019\/07\/anamma-300x188.jpg\" alt=\"\" class=\"wp-image-832\" style=\"width:199px;height:125px\"\/><figcaption class=\"wp-element-caption\"><a href=\"http:\/\/www.anamma.org.br\">http:\/\/www.anamma.org.br<\/a>r<\/figcaption><\/figure>\n\n\n\n<figure class=\"wp-block-image aligncenter\"><img loading=\"lazy\" decoding=\"async\" width=\"159\" height=\"70\" src=\"http:\/\/miraserra.org.br\/wp-content\/uploads\/2019\/07\/sema.gif\" alt=\"\" class=\"wp-image-835\"\/><figcaption class=\"wp-element-caption\"> <a href=\"http:\/\/www.sema.rs.gov.br\">http:\/\/www.sema.rs.gov.br<\/a><\/figcaption><\/figure>\n","protected":false},"excerpt":{"rendered":"<p>Planos Municipais de Conserva\u00e7\u00e3o e Recupera\u00e7\u00e3o da Mata Atl\u00e2ntica (RS, SC, PR e MS):<\/p>\n","protected":false},"author":1,"featured_media":0,"parent":0,"menu_order":0,"comment_status":"closed","ping_status":"closed","template":"","meta":{"colormag_page_container_layout":"default_layout","colormag_page_sidebar_layout":"default_layout","_themeisle_gutenberg_block_has_review":false,"footnotes":""},"class_list":["post-830","page","type-page","status-publish","hentry"],"_links":{"self":[{"href":"https:\/\/miraserra.org.br\/index.php\/wp-json\/wp\/v2\/pages\/830","targetHints":{"allow":["GET"]}}],"collection":[{"href":"https:\/\/miraserra.org.br\/index.php\/wp-json\/wp\/v2\/pages"}],"about":[{"href":"https:\/\/miraserra.org.br\/index.php\/wp-json\/wp\/v2\/types\/page"}],"author":[{"embeddable":true,"href":"https:\/\/miraserra.org.br\/index.php\/wp-json\/wp\/v2\/users\/1"}],"replies":[{"embeddable":true,"href":"https:\/\/miraserra.org.br\/index.php\/wp-json\/wp\/v2\/comments?post=830"}],"version-history":[{"count":15,"href":"https:\/\/miraserra.org.br\/index.php\/wp-json\/wp\/v2\/pages\/830\/revisions"}],"predecessor-version":[{"id":4397,"href":"https:\/\/miraserra.org.br\/index.php\/wp-json\/wp\/v2\/pages\/830\/revisions\/4397"}],"wp:attachment":[{"href":"https:\/\/miraserra.org.br\/index.php\/wp-json\/wp\/v2\/media?parent=830"}],"curies":[{"name":"wp","href":"https:\/\/api.w.org\/{rel}","templated":true}]}}