{"id":839,"date":"2019-07-14T17:41:38","date_gmt":"2019-07-14T20:41:38","guid":{"rendered":"http:\/\/miraserra.org.br\/?page_id=839"},"modified":"2023-01-28T21:24:41","modified_gmt":"2023-01-29T00:24:41","slug":"planos-de-mata-atlantica","status":"publish","type":"page","link":"https:\/\/miraserra.org.br\/index.php\/planos-de-mata-atlantica\/","title":{"rendered":"Planos de Mata Atl\u00e2ntica"},"content":{"rendered":"\n<p class=\"has-text-align-center\">1) <strong>PLANOS MUNICIPAIS DE CONSERVA\u00c7\u00c3O E RECUPERA\u00c7\u00c3O DA  MATA ATL\u00c2NTICA (RS,SC,PR e MS) <\/strong><br>EDITAL Minist\u00e9rio do Meio Ambiente &#8211; <em><strong>encerrado<\/strong><\/em><br>VEJA MAIS em <a rel=\"noreferrer noopener\" aria-label=\" (abre numa nova aba)\" href=\"http:\/\/www.miraserra.org.br\/site\/pda_total.htm\" target=\"_blank\">http:\/\/www.miraserra.org.br\/site\/pda_total.htm<\/a><\/p>\n\n\n\n<figure class=\"wp-block-image aligncenter\"><img loading=\"lazy\" decoding=\"async\" width=\"500\" height=\"375\" src=\"http:\/\/miraserra.org.br\/wp-content\/uploads\/2019\/07\/manual.jpg\" alt=\"\" class=\"wp-image-843\" srcset=\"https:\/\/miraserra.org.br\/wp-content\/uploads\/2019\/07\/manual.jpg 500w, https:\/\/miraserra.org.br\/wp-content\/uploads\/2019\/07\/manual-300x225.jpg 300w\" sizes=\"auto, (max-width: 500px) 100vw, 500px\" \/><\/figure>\n\n\n\n<p class=\"has-text-align-center has-medium-font-size\"><strong>2.<\/strong> <strong>PROGRAMA de elabora\u00e7\u00e3o de <\/strong><br><strong>PLANOS MUNICIPAIS\/ PLANO REGIONAL DA MATA ATL\u00c2NTICA DA BACIA HIDROGR\u00c1FICA DO RIO CA\u00cd <\/strong><br>(Termo de Coopera\u00e7\u00e3o Minist\u00e9rio P\u00fablico\/Regional Ca\u00ed, Comit\u00ea de Gerenciamento da Bacia Hidrogr\u00e1fica do Rio Ca\u00ed e <br>Instituto MIRA-SERRA) &#8211;<em><strong> em curso<\/strong><\/em><\/p>\n\n\n\n<p><strong>VEJA MAIS em:<\/strong><\/p>\n\n\n\n<p><a href=\"http:\/\/miraserra.org.br\/index.php\/2022\/08\/16\/planos-municipais-e-plano-regional-de-conservacao-e-recuperacao-da-mata-atlantica-no-ambito-da-bacia-hidrografica-do-rio-cai\/ \"><strong>http:\/\/miraserra.org.br\/index.php\/2022\/08\/16\/planos-municipais-e-plano-regional-de-conservacao-e-recuperacao-da-mata-atlantica-no-ambito-da-bacia-hidrografica-do-rio-cai\/ <\/strong><\/a><\/p>\n\n\n\n<figure class=\"wp-block-image size-large\"><img loading=\"lazy\" decoding=\"async\" width=\"1024\" height=\"702\" src=\"http:\/\/miraserra.org.br\/wp-content\/uploads\/2022\/08\/291382228_5865912373422869_9110752652092769538_n-1024x702.jpg\" alt=\"\" class=\"wp-image-3941\" srcset=\"https:\/\/miraserra.org.br\/wp-content\/uploads\/2022\/08\/291382228_5865912373422869_9110752652092769538_n-1024x702.jpg 1024w, https:\/\/miraserra.org.br\/wp-content\/uploads\/2022\/08\/291382228_5865912373422869_9110752652092769538_n-300x206.jpg 300w, https:\/\/miraserra.org.br\/wp-content\/uploads\/2022\/08\/291382228_5865912373422869_9110752652092769538_n-768x526.jpg 768w, https:\/\/miraserra.org.br\/wp-content\/uploads\/2022\/08\/291382228_5865912373422869_9110752652092769538_n-130x90.jpg 130w, https:\/\/miraserra.org.br\/wp-content\/uploads\/2022\/08\/291382228_5865912373422869_9110752652092769538_n.jpg 1080w\" sizes=\"auto, (max-width: 1024px) 100vw, 1024px\" \/><\/figure>\n\n\n\n<p><strong>agosto\/2022<\/strong> <a href=\"http:\/\/miraserra.org.br\/index.php\/2022\/09\/01\/mais-atividades-presenciais-virtuais-em-agosto-2022\/\">http:\/\/miraserra.org.br\/index.php\/2022\/09\/01\/mais-atividades-presenciais-virtuais-em-agosto-2022\/<\/a><\/p>\n\n\n\n<p><strong>setembro\/2022<\/strong> <a href=\"http:\/\/miraserra.org.br\/index.php\/2022\/10\/06\/setembro-2022\/\">http:\/\/miraserra.org.br\/index.php\/2022\/10\/06\/setembro-2022\/<\/a><\/p>\n\n\n\n<p><strong>outubro, novembro, dezembro\/2022<\/strong> <a href=\"http:\/\/miraserra.org.br\/index.php\/2023\/01\/03\/resumao-do-ultimo-trimestre-2022\/\">http:\/\/miraserra.org.br\/index.php\/2023\/01\/03\/resumao-do-ultimo-trimestre-2022\/<\/a><\/p>\n\n\n\n<p><strong> janeiro\/2023<\/strong> <a href=\"http:\/\/miraserra.org.br\/index.php\/2023\/01\/28\/janeiro-2023\/\">http:\/\/miraserra.org.br\/index.php\/2023\/01\/28\/janeiro-2023\/<\/a><\/p>\n","protected":false},"excerpt":{"rendered":"<p>1) PLANOS MUNICIPAIS DE CONSERVA\u00c7\u00c3O E RECUPERA\u00c7\u00c3O DA MATA ATL\u00c2NTICA (RS,SC,PR e MS) EDITAL Minist\u00e9rio do Meio Ambiente &#8211; encerradoVEJA<\/p>\n","protected":false},"author":1,"featured_media":840,"parent":0,"menu_order":0,"comment_status":"closed","ping_status":"closed","template":"","meta":{"colormag_page_container_layout":"default_layout","colormag_page_sidebar_layout":"default_layout","_themeisle_gutenberg_block_has_review":false,"footnotes":""},"class_list":["post-839","page","type-page","status-publish","has-post-thumbnail","hentry"],"_links":{"self":[{"href":"https:\/\/miraserra.org.br\/index.php\/wp-json\/wp\/v2\/pages\/839","targetHints":{"allow":["GET"]}}],"collection":[{"href":"https:\/\/miraserra.org.br\/index.php\/wp-json\/wp\/v2\/pages"}],"about":[{"href":"https:\/\/miraserra.org.br\/index.php\/wp-json\/wp\/v2\/types\/page"}],"author":[{"embeddable":true,"href":"https:\/\/miraserra.org.br\/index.php\/wp-json\/wp\/v2\/users\/1"}],"replies":[{"embeddable":true,"href":"https:\/\/miraserra.org.br\/index.php\/wp-json\/wp\/v2\/comments?post=839"}],"version-history":[{"count":8,"href":"https:\/\/miraserra.org.br\/index.php\/wp-json\/wp\/v2\/pages\/839\/revisions"}],"predecessor-version":[{"id":4124,"href":"https:\/\/miraserra.org.br\/index.php\/wp-json\/wp\/v2\/pages\/839\/revisions\/4124"}],"wp:featuredmedia":[{"embeddable":true,"href":"https:\/\/miraserra.org.br\/index.php\/wp-json\/wp\/v2\/media\/840"}],"wp:attachment":[{"href":"https:\/\/miraserra.org.br\/index.php\/wp-json\/wp\/v2\/media?parent=839"}],"curies":[{"name":"wp","href":"https:\/\/api.w.org\/{rel}","templated":true}]}}

Planos de Mata Atlântica

<p class="has-text-align-center">1) <strong>PLANOS MUNICIPAIS DE CONSERVAÇÃO E RECUPERAÇÃO DA  MATA ATLÂNTICA (RS,SC,PR e MS) </strong><br>EDITAL Ministério do Meio Ambiente &#8211; <em><strong>encerrado</strong></em><br>VEJA MAIS em <a rel="noreferrer noopener" aria-label=" (abre numa nova aba)" href="http://www.miraserra.org.br/site/pda_total.htm" target="_blank">http://www.miraserra.org.br/site/pda_total.htm</a></p>



<figure class="wp-block-image aligncenter"><img loading="lazy" decoding="async" width="500" height="375" src="http://miraserra.org.br/wp-content/uploads/2019/07/manual.jpg" alt="" class="wp-image-843" srcset="https://miraserra.org.br/wp-content/uploads/2019/07/manual.jpg 500w, https://miraserra.org.br/wp-content/uploads/2019/07/manual-300x225.jpg 300w" sizes="auto, (max-width: 500px) 100vw, 500px" /></figure>



<p class="has-text-align-center has-medium-font-size"><strong>2.</strong> <strong>PROGRAMA de elaboração de </strong><br><strong>PLANOS MUNICIPAIS/ PLANO REGIONAL DA MATA ATLÂNTICA DA BACIA HIDROGRÁFICA DO RIO CAÍ </strong><br>(Termo de Cooperação Ministério Público/Regional Caí, Comitê de Gerenciamento da Bacia Hidrográfica do Rio Caí e <br>Instituto MIRA-SERRA) &#8211;<em><strong> em curso</strong></em></p>



<p><strong>VEJA MAIS em:</strong></p>



<p><a href="http://miraserra.org.br/index.php/2022/08/16/planos-municipais-e-plano-regional-de-conservacao-e-recuperacao-da-mata-atlantica-no-ambito-da-bacia-hidrografica-do-rio-cai/ "><strong>http://miraserra.org.br/index.php/2022/08/16/planos-municipais-e-plano-regional-de-conservacao-e-recuperacao-da-mata-atlantica-no-ambito-da-bacia-hidrografica-do-rio-cai/ </strong></a></p>



<figure class="wp-block-image size-large"><img loading="lazy" decoding="async" width="1024" height="702" src="http://miraserra.org.br/wp-content/uploads/2022/08/291382228_5865912373422869_9110752652092769538_n-1024x702.jpg" alt="" class="wp-image-3941" srcset="https://miraserra.org.br/wp-content/uploads/2022/08/291382228_5865912373422869_9110752652092769538_n-1024x702.jpg 1024w, https://miraserra.org.br/wp-content/uploads/2022/08/291382228_5865912373422869_9110752652092769538_n-300x206.jpg 300w, https://miraserra.org.br/wp-content/uploads/2022/08/291382228_5865912373422869_9110752652092769538_n-768x526.jpg 768w, https://miraserra.org.br/wp-content/uploads/2022/08/291382228_5865912373422869_9110752652092769538_n-130x90.jpg 130w, https://miraserra.org.br/wp-content/uploads/2022/08/291382228_5865912373422869_9110752652092769538_n.jpg 1080w" sizes="auto, (max-width: 1024px) 100vw, 1024px" /></figure>



<p><strong>agosto/2022</strong> <a href="http://miraserra.org.br/index.php/2022/09/01/mais-atividades-presenciais-virtuais-em-agosto-2022/">http://miraserra.org.br/index.php/2022/09/01/mais-atividades-presenciais-virtuais-em-agosto-2022/</a></p>



<p><strong>setembro/2022</strong> <a href="http://miraserra.org.br/index.php/2022/10/06/setembro-2022/">http://miraserra.org.br/index.php/2022/10/06/setembro-2022/</a></p>



<p><strong>outubro, novembro, dezembro/2022</strong> <a href="http://miraserra.org.br/index.php/2023/01/03/resumao-do-ultimo-trimestre-2022/">http://miraserra.org.br/index.php/2023/01/03/resumao-do-ultimo-trimestre-2022/</a></p>



<p><strong> janeiro/2023</strong> <a href="http://miraserra.org.br/index.php/2023/01/28/janeiro-2023/">http://miraserra.org.br/index.php/2023/01/28/janeiro-2023/</a></p>

<p>1) PLANOS MUNICIPAIS DE CONSERVAÇÃO E RECUPERAÇÃO DA MATA ATLÂNTICA (RS,SC,PR e MS) EDITAL Ministério do Meio Ambiente &#8211; encerradoVEJA</p>
