{"id":845,"date":"2019-07-14T17:57:02","date_gmt":"2019-07-14T20:57:02","guid":{"rendered":"http:\/\/miraserra.org.br\/?page_id=845"},"modified":"2021-05-13T21:46:58","modified_gmt":"2021-05-14T00:46:58","slug":"publicacoes","status":"publish","type":"page","link":"https:\/\/miraserra.org.br\/index.php\/publicacoes\/","title":{"rendered":"Publica\u00e7\u00f5es"},"content":{"rendered":"\n<div class=\"wp-block-media-text alignwide is-stacked-on-mobile\" style=\"grid-template-columns:15% auto\"><figure class=\"wp-block-media-text__media\"><img loading=\"lazy\" decoding=\"async\" width=\"724\" height=\"1024\" src=\"http:\/\/miraserra.org.br\/wp-content\/uploads\/2021\/05\/painel-mina-guaicc81ba_digital_150-1-pdf-724x1024.jpg\" alt=\"\" class=\"wp-image-3269\"\/><\/figure><div class=\"wp-block-media-text__content\">\n<p class=\"has-text-align-center has-normal-font-size\"><a href=\"http:\/\/miraserra.org.br\/wp-content\/uploads\/2021\/05\/painel-mina-guaicc81ba_digital_150-1.pdf\"><strong>Painel de Especialistas \u2013 An\u00e1lise Cr\u00edtica do Estudo de Impacto Ambiental da Mina Gua\u00edba<\/strong><\/a><\/p>\n<\/div><\/div>\n\n\n\n<p class=\"has-text-align-center\"><a href=\"http:\/\/miraserra.org.br\/wp-content\/uploads\/2021\/05\/painel-mina-guaicc81ba_digital_150-1.pdf\"> <\/a><\/p>\n\n\n\n<div class=\"wp-block-media-text alignwide is-stacked-on-mobile\" style=\"grid-template-columns:15% auto\"><figure class=\"wp-block-media-text__media\"><img loading=\"lazy\" decoding=\"async\" width=\"459\" height=\"541\" src=\"http:\/\/miraserra.org.br\/wp-content\/uploads\/2019\/07\/foto-projeto.png\" alt=\"\" class=\"wp-image-916\" srcset=\"https:\/\/miraserra.org.br\/wp-content\/uploads\/2019\/07\/foto-projeto.png 459w, https:\/\/miraserra.org.br\/wp-content\/uploads\/2019\/07\/foto-projeto-255x300.png 255w\" sizes=\"auto, (max-width: 459px) 100vw, 459px\" \/><\/figure><div class=\"wp-block-media-text__content\">\n<p class=\"has-small-font-size\"><strong><a href=\"http:\/\/miraserra.org.br\/wp-content\/uploads\/2019\/07\/manual_mira-serra.pdf\">MANUAL DE CAPACITA\u00c7\u00c3O PARA ELABORA\u00c7\u00c3O E IMPLEMENTA\u00c7\u00c3O DE PLANOS MUNICIPAIS DE CONSERVA\u00c7\u00c3O E RECUPERA\u00c7\u00c3O DA MATA ATL\u00c2NTICA<\/a><br>Pe\u00e7a o DVD:                                                                               MANUAL DE CAPACITA\u00c7\u00c3O PARA ELABORA\u00c7\u00c3O E IMPLEMENTA\u00c7\u00c3O DE PLANOS MUNICIPAIS DE CONSERVA\u00c7\u00c3O E RECUPERA\u00c7\u00c3O DA MATA ATL\u00c2NTICA el\u00e9m dos PRODUTOS DO PROJETO<\/strong><\/p>\n<\/div><\/div>\n\n\n\n<div class=\"wp-block-media-text alignwide is-stacked-on-mobile\" style=\"grid-template-columns:18% auto\"><figure class=\"wp-block-media-text__media\"><img loading=\"lazy\" decoding=\"async\" width=\"724\" height=\"1024\" src=\"http:\/\/miraserra.org.br\/wp-content\/uploads\/2021\/05\/PM-RPPN-Mira-Serra-pdf-724x1024.jpg\" alt=\"\" class=\"wp-image-3261\"\/><\/figure><div class=\"wp-block-media-text__content\">\n<p class=\"has-normal-font-size\"><strong><a href=\"http:\/\/miraserra.org.br\/wp-content\/uploads\/2021\/05\/PM-RPPN-Mira-Serra.pdf\">PLANO DE MANEJO da RPPN Mira-Serra<\/a><\/strong><\/p>\n<\/div><\/div>\n\n\n\n<p class=\"has-text-align-center has-black-color has-text-color has-background\" style=\"background-color:#fbf0fb\">EDUCA\u00c7\u00c3O AMBIENTAL no Zool\u00f3gico Municipal de Gua\u00edba  (Publicado em 2003)<\/p>\n\n\n\n<p class=\"has-text-align-center has-very-light-gray-background-color has-background\">Document\u00e1rio <br>\u201cRomaria das \u00c1guas: de S\u00e3o Francisco de Paula ao  Gua\u00edba\u201d. <br>(DVD 2003)<\/p>\n\n\n\n<p class=\"has-text-align-center has-black-color has-text-color has-background\" style=\"background-color:#f8ebf4\">Canela, o Tempero da Serra. <br>(Cap\u00edtulos: Editorial, Panorama  Ambiental e Fauna). <br>(Publica\u00e7\u00e3o de 2003)<\/p>\n\n\n\n<p class=\"has-text-align-center has-very-light-gray-background-color has-background\">Mapeamento e Monitoramento da Sub-Bacia Hidrogr\u00e1fica do Rio  Padilha, S\u00e3o Francisco de Paula \/ RS. <br>(editado em 2001)<\/p>\n\n\n\n<p class=\"has-text-align-center has-very-light-gray-background-color has-background\">A voz do cerrado \/ Seriema (2003)<\/p>\n\n\n\n<p class=\"has-text-align-center has-very-light-gray-background-color has-background\">Coluna \u201c\u00c1rea Verde, o assunto \u00e9\u2026 \u201d <br><em>In<\/em>: Jornal O Gua\u00edba. (v\u00e1rias  mat\u00e9rias a organizar) <\/p>\n\n\n\n<p class=\"has-text-align-center has-very-light-gray-background-color has-background\">Indu\u00e7\u00e3o ao Comportamento Sexual em Indiv\u00edduos Jovens de  <em>Tapirus terrestris<\/em> (LINNAEUS, 1766).<\/p>\n\n\n\n<p class=\"has-text-align-center has-very-light-gray-background-color has-background\">ASPECTOS QUALITATIVOS DA VEGETA\u00c7\u00c3O do A\u00e7ude no Bairro  Pedras Brancas e Entorno \u2013 Gua\u00edba \/ RS.<br> (Publicado em 2005)<\/p>\n\n\n\n<p class=\"has-text-align-center has-very-light-gray-background-color has-background\"><br>Monitoramento da FAUNA SILVESTRE ATROPELADA (resumo) <\/p>\n\n\n\n<p class=\"has-text-align-center has-very-light-gray-background-color has-background\">Monitoramento da AVIFAUNA ATROPELADA na RS 020, RS\/BR  (resumo\/2007)<\/p>\n\n\n\n<p class=\"has-text-align-center has-very-light-gray-background-color has-background\">Aspectos da Cobertura Vegetal e da Fauna da<br> RPPN MIRA-SERRA e seu entorno. <br>(2007)<\/p>\n\n\n\n<p class=\"has-text-align-center has-very-light-gray-background-color has-background\">Comportamento Agon\u00edstico Interespec\u00edfico em<br> <em>Tapirus terrestris <\/em> (LINNAEUS, 1766).  <\/p>\n\n\n\n<p class=\"has-text-align-center has-very-light-gray-background-color has-background\">Os Animais Tot\u00eamicos e a Mata Atl\u00e2ntica do Rio Grande do Sul, BR.  (em CD)<\/p>\n\n\n\n<p class=\"has-text-align-center has-very-light-gray-background-color has-background\">PROTEGENDO OS PATRIM\u00d4NIOS NATURAL E IMEMORIAL <br>(resumo)<\/p>\n\n\n\n<p class=\"has-text-align-center has-black-color has-text-color has-background\" style=\"background-color:#ebe4ea\">MONITORAMENTO DA AVIFAUNA NO <br>ARROIO DIL\u00daVIO \u2013 Porto Alegre, RS\/BR <br><a href=\"http:\/\/content\/uploads\/2019\/09\/AVIFAUNA_ARROIO_DILUVIO-1.pdf\"> (resumo)<\/a><\/p>\n","protected":false},"excerpt":{"rendered":"<p>Painel de Especialistas \u2013 An\u00e1lise Cr\u00edtica do Estudo de Impacto Ambiental da Mina Gua\u00edba MANUAL DE CAPACITA\u00c7\u00c3O PARA ELABORA\u00c7\u00c3O E<\/p>\n","protected":false},"author":1,"featured_media":885,"parent":0,"menu_order":0,"comment_status":"closed","ping_status":"closed","template":"","meta":{"colormag_page_container_layout":"default_layout","colormag_page_sidebar_layout":"default_layout","_themeisle_gutenberg_block_has_review":false,"footnotes":""},"class_list":["post-845","page","type-page","status-publish","has-post-thumbnail","hentry"],"_links":{"self":[{"href":"https:\/\/miraserra.org.br\/index.php\/wp-json\/wp\/v2\/pages\/845","targetHints":{"allow":["GET"]}}],"collection":[{"href":"https:\/\/miraserra.org.br\/index.php\/wp-json\/wp\/v2\/pages"}],"about":[{"href":"https:\/\/miraserra.org.br\/index.php\/wp-json\/wp\/v2\/types\/page"}],"author":[{"embeddable":true,"href":"https:\/\/miraserra.org.br\/index.php\/wp-json\/wp\/v2\/users\/1"}],"replies":[{"embeddable":true,"href":"https:\/\/miraserra.org.br\/index.php\/wp-json\/wp\/v2\/comments?post=845"}],"version-history":[{"count":22,"href":"https:\/\/miraserra.org.br\/index.php\/wp-json\/wp\/v2\/pages\/845\/revisions"}],"predecessor-version":[{"id":3274,"href":"https:\/\/miraserra.org.br\/index.php\/wp-json\/wp\/v2\/pages\/845\/revisions\/3274"}],"wp:featuredmedia":[{"embeddable":true,"href":"https:\/\/miraserra.org.br\/index.php\/wp-json\/wp\/v2\/media\/885"}],"wp:attachment":[{"href":"https:\/\/miraserra.org.br\/index.php\/wp-json\/wp\/v2\/media?parent=845"}],"curies":[{"name":"wp","href":"https:\/\/api.w.org\/{rel}","templated":true}]}}

Publicações

<div class="wp-block-media-text alignwide is-stacked-on-mobile" style="grid-template-columns:15% auto"><figure class="wp-block-media-text__media"><img loading="lazy" decoding="async" width="724" height="1024" src="http://miraserra.org.br/wp-content/uploads/2021/05/painel-mina-guaicc81ba_digital_150-1-pdf-724x1024.jpg" alt="" class="wp-image-3269"/></figure><div class="wp-block-media-text__content">
<p class="has-text-align-center has-normal-font-size"><a href="http://miraserra.org.br/wp-content/uploads/2021/05/painel-mina-guaicc81ba_digital_150-1.pdf"><strong>Painel de Especialistas – Análise Crítica do Estudo de Impacto Ambiental da Mina Guaíba</strong></a></p>
</div></div>



<p class="has-text-align-center"><a href="http://miraserra.org.br/wp-content/uploads/2021/05/painel-mina-guaicc81ba_digital_150-1.pdf"> </a></p>



<div class="wp-block-media-text alignwide is-stacked-on-mobile" style="grid-template-columns:15% auto"><figure class="wp-block-media-text__media"><img loading="lazy" decoding="async" width="459" height="541" src="http://miraserra.org.br/wp-content/uploads/2019/07/foto-projeto.png" alt="" class="wp-image-916" srcset="https://miraserra.org.br/wp-content/uploads/2019/07/foto-projeto.png 459w, https://miraserra.org.br/wp-content/uploads/2019/07/foto-projeto-255x300.png 255w" sizes="auto, (max-width: 459px) 100vw, 459px" /></figure><div class="wp-block-media-text__content">
<p class="has-small-font-size"><strong><a href="http://miraserra.org.br/wp-content/uploads/2019/07/manual_mira-serra.pdf">MANUAL DE CAPACITAÇÃO PARA ELABORAÇÃO E IMPLEMENTAÇÃO DE PLANOS MUNICIPAIS DE CONSERVAÇÃO E RECUPERAÇÃO DA MATA ATLÂNTICA</a><br>Peça o DVD:                                                                               MANUAL DE CAPACITAÇÃO PARA ELABORAÇÃO E IMPLEMENTAÇÃO DE PLANOS MUNICIPAIS DE CONSERVAÇÃO E RECUPERAÇÃO DA MATA ATLÂNTICA elém dos PRODUTOS DO PROJETO</strong></p>
</div></div>



<div class="wp-block-media-text alignwide is-stacked-on-mobile" style="grid-template-columns:18% auto"><figure class="wp-block-media-text__media"><img loading="lazy" decoding="async" width="724" height="1024" src="http://miraserra.org.br/wp-content/uploads/2021/05/PM-RPPN-Mira-Serra-pdf-724x1024.jpg" alt="" class="wp-image-3261"/></figure><div class="wp-block-media-text__content">
<p class="has-normal-font-size"><strong><a href="http://miraserra.org.br/wp-content/uploads/2021/05/PM-RPPN-Mira-Serra.pdf">PLANO DE MANEJO da RPPN Mira-Serra</a></strong></p>
</div></div>



<p class="has-text-align-center has-black-color has-text-color has-background" style="background-color:#fbf0fb">EDUCAÇÃO AMBIENTAL no Zoológico Municipal de Guaíba  (Publicado em 2003)</p>



<p class="has-text-align-center has-very-light-gray-background-color has-background">Documentário <br>“Romaria das Águas: de São Francisco de Paula ao  Guaíba”. <br>(DVD 2003)</p>



<p class="has-text-align-center has-black-color has-text-color has-background" style="background-color:#f8ebf4">Canela, o Tempero da Serra. <br>(Capítulos: Editorial, Panorama  Ambiental e Fauna). <br>(Publicação de 2003)</p>



<p class="has-text-align-center has-very-light-gray-background-color has-background">Mapeamento e Monitoramento da Sub-Bacia Hidrográfica do Rio  Padilha, São Francisco de Paula / RS. <br>(editado em 2001)</p>



<p class="has-text-align-center has-very-light-gray-background-color has-background">A voz do cerrado / Seriema (2003)</p>



<p class="has-text-align-center has-very-light-gray-background-color has-background">Coluna “Área Verde, o assunto é… ” <br><em>In</em>: Jornal O Guaíba. (várias  matérias a organizar) </p>



<p class="has-text-align-center has-very-light-gray-background-color has-background">Indução ao Comportamento Sexual em Indivíduos Jovens de  <em>Tapirus terrestris</em> (LINNAEUS, 1766).</p>



<p class="has-text-align-center has-very-light-gray-background-color has-background">ASPECTOS QUALITATIVOS DA VEGETAÇÃO do Açude no Bairro  Pedras Brancas e Entorno – Guaíba / RS.<br> (Publicado em 2005)</p>



<p class="has-text-align-center has-very-light-gray-background-color has-background"><br>Monitoramento da FAUNA SILVESTRE ATROPELADA (resumo) </p>



<p class="has-text-align-center has-very-light-gray-background-color has-background">Monitoramento da AVIFAUNA ATROPELADA na RS 020, RS/BR  (resumo/2007)</p>



<p class="has-text-align-center has-very-light-gray-background-color has-background">Aspectos da Cobertura Vegetal e da Fauna da<br> RPPN MIRA-SERRA e seu entorno. <br>(2007)</p>



<p class="has-text-align-center has-very-light-gray-background-color has-background">Comportamento Agonístico Interespecífico em<br> <em>Tapirus terrestris </em> (LINNAEUS, 1766).  </p>



<p class="has-text-align-center has-very-light-gray-background-color has-background">Os Animais Totêmicos e a Mata Atlântica do Rio Grande do Sul, BR.  (em CD)</p>



<p class="has-text-align-center has-very-light-gray-background-color has-background">PROTEGENDO OS PATRIMÔNIOS NATURAL E IMEMORIAL <br>(resumo)</p>



<p class="has-text-align-center has-black-color has-text-color has-background" style="background-color:#ebe4ea">MONITORAMENTO DA AVIFAUNA NO <br>ARROIO DILÚVIO – Porto Alegre, RS/BR <br><a href="http://content/uploads/2019/09/AVIFAUNA_ARROIO_DILUVIO-1.pdf"> (resumo)</a></p>

<p>Painel de Especialistas – Análise Crítica do Estudo de Impacto Ambiental da Mina Guaíba MANUAL DE CAPACITAÇÃO PARA ELABORAÇÃO E</p>
